{"id":45,"date":"2024-02-20T17:46:09","date_gmt":"2024-02-20T20:46:09","guid":{"rendered":"https:\/\/anahianca.com.ar\/?post_type=product&#038;p=45"},"modified":"2024-02-20T17:52:54","modified_gmt":"2024-02-20T20:52:54","slug":"direccion-integral-de-modelos-para-fotografos","status":"publish","type":"product","link":"https:\/\/anahianca.com.ar\/?product=direccion-integral-de-modelos-para-fotografos","title":{"rendered":"Direcci\u00f3n integral de modelos para fot\u00f3grafos"},"content":{"rendered":"<p><b>CONCEPTO: <\/b><span style=\"font-weight: 400;\">\u00a0<\/span><\/p>\n<p><span style=\"font-weight: 400;\">Detr\u00e1s y delante de la lente son mundos distintos que no siempre logran entenderse. Esto genera p\u00e9rdida de tiempo y de dinero tanto para los modelos como para los fot\u00f3grafos que deben rentar c\u00e1maras y equipos de todo tipo. Aprend\u00e9 a dirigir a tus modelos de una forma sencilla y eficiente, aprendiendo a comunicarles tu visi\u00f3n de forma efectiva. Logr\u00e1 las im\u00e1genes que necesitas, disminu\u00ed costos y volvete un l\u00edder indiscutido dentro de los sets.<\/span><\/p>\n<p><b>CONTENIDOS:\u00a0<\/b><\/p>\n<ul>\n<li style=\"font-weight: 400;\" aria-level=\"3\"><span style=\"font-weight: 400;\">Direcci\u00f3n de modelos en fotograf\u00eda<\/span><\/li>\n<li style=\"font-weight: 400;\" aria-level=\"3\"><span style=\"font-weight: 400;\">Tipos de cuerpos y las poses que m\u00e1s favorecen a cada uno<\/span><\/li>\n<li style=\"font-weight: 400;\" aria-level=\"3\"><span style=\"font-weight: 400;\">T\u00e9cnicas de posado individuales y grupales<\/span><\/li>\n<li style=\"font-weight: 400;\" aria-level=\"3\"><span style=\"font-weight: 400;\">Actitud frente a c\u00e1mara<\/span><\/li>\n<li style=\"font-weight: 400;\" aria-level=\"3\"><span style=\"font-weight: 400;\">Manejo de manos y extremidades<\/span><\/li>\n<li style=\"font-weight: 400;\" aria-level=\"3\"><span style=\"font-weight: 400;\">Posado facial<\/span><\/li>\n<li style=\"font-weight: 400;\" aria-level=\"3\"><span style=\"font-weight: 400;\">Direcci\u00f3n de modelos en pasarela<\/span><\/li>\n<li style=\"font-weight: 400;\" aria-level=\"3\"><span style=\"font-weight: 400;\">Postura y caminata del modelo<\/span><\/li>\n<li style=\"font-weight: 400;\" aria-level=\"3\"><span style=\"font-weight: 400;\">Distintos tipos de pasarela nacionales e internacionales<\/span><\/li>\n<li style=\"font-weight: 400;\" aria-level=\"3\">Coreograf\u00eda en pasarela<\/li>\n<\/ul>\n<p><b>FORMA DE PAGO:<\/b><\/p>\n<p>El curso se paga al momento de inscribirse y es indispensable para la reserva de la vacante<\/p>\n<ul>\n<li>Internacional: Paypal.<\/li>\n<li>Argentina: MercadoPago o transferencia bancaria.<\/li>\n<\/ul>\n","protected":false},"excerpt":{"rendered":"<p><button style=\"margin-top: 0px; background-color: #12d800; float: left; cursor: default; color: white; border-radius: 10px; font-size: 14px; border: none; padding: 3px 10px 3px 10px;\"><span class=\"parpadea text\"><strong>Curso en Vivo y Directo<\/strong><\/span><\/button><\/p>\n<p>&nbsp;<\/p>\n<p>Duraci\u00f3n: 2 meses<br \/>\n<strong>Matricula 100% bonificada<\/strong><br \/>\n8 clases<br \/>\nClase On-Line con Docente Exclusivo.<\/p>\n","protected":false},"featured_media":73,"comment_status":"closed","ping_status":"closed","template":"","meta":{"_joinchat":[]},"product_cat":[20],"product_tag":[],"class_list":{"0":"post-45","1":"product","2":"type-product","3":"status-publish","4":"has-post-thumbnail","6":"product_cat-direccion-de-modelos","8":"first","9":"outofstock","10":"virtual","11":"sold-individually","12":"product-type-simple"},"_links":{"self":[{"href":"https:\/\/anahianca.com.ar\/index.php?rest_route=\/wp\/v2\/product\/45"}],"collection":[{"href":"https:\/\/anahianca.com.ar\/index.php?rest_route=\/wp\/v2\/product"}],"about":[{"href":"https:\/\/anahianca.com.ar\/index.php?rest_route=\/wp\/v2\/types\/product"}],"replies":[{"embeddable":true,"href":"https:\/\/anahianca.com.ar\/index.php?rest_route=%2Fwp%2Fv2%2Fcomments&post=45"}],"wp:featuredmedia":[{"embeddable":true,"href":"https:\/\/anahianca.com.ar\/index.php?rest_route=\/wp\/v2\/media\/73"}],"wp:attachment":[{"href":"https:\/\/anahianca.com.ar\/index.php?rest_route=%2Fwp%2Fv2%2Fmedia&parent=45"}],"wp:term":[{"taxonomy":"product_cat","embeddable":true,"href":"https:\/\/anahianca.com.ar\/index.php?rest_route=%2Fwp%2Fv2%2Fproduct_cat&post=45"},{"taxonomy":"product_tag","embeddable":true,"href":"https:\/\/anahianca.com.ar\/index.php?rest_route=%2Fwp%2Fv2%2Fproduct_tag&post=45"}],"curies":[{"name":"wp","href":"https:\/\/api.w.org\/{rel}","templated":true}]}}