{"id":37,"date":"2024-02-20T17:46:09","date_gmt":"2024-02-20T20:46:09","guid":{"rendered":"https:\/\/anahianca.com.ar\/?post_type=product&#038;p=37"},"modified":"2024-02-20T17:52:54","modified_gmt":"2024-02-20T20:52:54","slug":"que-color-me-queda","status":"publish","type":"product","link":"https:\/\/anahianca.com.ar\/?product=que-color-me-queda","title":{"rendered":"\u00bfQu\u00e9 color me queda?"},"content":{"rendered":"<p><b>CONCEPTO: <\/b><\/p>\n<p><span style=\"font-weight: 400;\">Elegir una prenda correcta, ya sea para nosotros o nuestros clientes, implica no solo ser asertivo con talles, texturas y formas, sino al mismo tiempo establecer qu\u00e9 colores son favorables y cu\u00e1les no. Cada persona tiene su propia colorimetr\u00eda. Aprender a detectarla y utilizarla correctamente es un antes y un despu\u00e9s al momento de asesorar a nuestros clientes o a nosotros mismos.<\/span><\/p>\n<p><b>CONTENIDOS: <\/b><b><\/b><\/p>\n<ul>\n<li style=\"font-weight: 400;\" aria-level=\"3\"><span style=\"font-weight: 400;\">Introducci\u00f3n al sistema de detecci\u00f3n de colorimetr\u00eda de 12 estaciones<\/span><\/li>\n<li style=\"font-weight: 400;\" aria-level=\"3\"><span style=\"font-weight: 400;\">Colores que m\u00e1s favorecen a cada individuo seg\u00fan sus caracter\u00edsticas<\/span><\/li>\n<li style=\"font-weight: 400;\" aria-level=\"3\"><span style=\"font-weight: 400;\">Aplicaci\u00f3n del color al cuerpo<\/span><\/li>\n<li style=\"font-weight: 400;\" aria-level=\"3\"><span style=\"font-weight: 400;\">C\u00f3mo detectar correctamente la colorimetr\u00eda de 12 estaciones de un individuo<\/span><\/li>\n<li style=\"font-weight: 400;\" aria-level=\"3\"><span style=\"font-weight: 400;\">Pr\u00e1cticas en directo<\/span><\/li>\n<\/ul>\n<p><b>FORMA DE PAGO:<\/b><\/p>\n<p>El curso se paga al momento de inscribirse y es indispensable para la reserva de la vacante<\/p>\n<ul>\n<li>Internacional: Paypal.<\/li>\n<li>Argentina: MercadoPago o transferencia bancaria.<\/li>\n<\/ul>\n","protected":false},"excerpt":{"rendered":"<p><button style=\"margin-top: 0px; background-color: #12d800; float: left; cursor: default; color: white; border-radius: 10px; font-size: 14px; border: none; padding: 3px 10px 3px 10px;\"><span class=\"parpadea text\"><strong>Curso en Vivo y Directo<\/strong><\/span><\/button><\/p>\n<p>&nbsp;<\/p>\n<p>Basado en el sistema de colorimetr\u00eda de 12 estaciones<br \/>\nDuraci\u00f3n: 2 meses<br \/>\n<strong>Matricula 100% bonificada<\/strong><br \/>\n8 clases<br \/>\nClase On-Line con Docente Exclusivo<\/p>\n","protected":false},"featured_media":65,"comment_status":"closed","ping_status":"closed","template":"","meta":{"_joinchat":[]},"product_cat":[19],"product_tag":[],"class_list":{"0":"post-37","1":"product","2":"type-product","3":"status-publish","4":"has-post-thumbnail","6":"product_cat-profesional-de-la-imagen","8":"first","9":"outofstock","10":"virtual","11":"product-type-simple"},"_links":{"self":[{"href":"https:\/\/anahianca.com.ar\/index.php?rest_route=\/wp\/v2\/product\/37"}],"collection":[{"href":"https:\/\/anahianca.com.ar\/index.php?rest_route=\/wp\/v2\/product"}],"about":[{"href":"https:\/\/anahianca.com.ar\/index.php?rest_route=\/wp\/v2\/types\/product"}],"replies":[{"embeddable":true,"href":"https:\/\/anahianca.com.ar\/index.php?rest_route=%2Fwp%2Fv2%2Fcomments&post=37"}],"wp:featuredmedia":[{"embeddable":true,"href":"https:\/\/anahianca.com.ar\/index.php?rest_route=\/wp\/v2\/media\/65"}],"wp:attachment":[{"href":"https:\/\/anahianca.com.ar\/index.php?rest_route=%2Fwp%2Fv2%2Fmedia&parent=37"}],"wp:term":[{"taxonomy":"product_cat","embeddable":true,"href":"https:\/\/anahianca.com.ar\/index.php?rest_route=%2Fwp%2Fv2%2Fproduct_cat&post=37"},{"taxonomy":"product_tag","embeddable":true,"href":"https:\/\/anahianca.com.ar\/index.php?rest_route=%2Fwp%2Fv2%2Fproduct_tag&post=37"}],"curies":[{"name":"wp","href":"https:\/\/api.w.org\/{rel}","templated":true}]}}