{"id":33,"date":"2024-02-20T17:46:09","date_gmt":"2024-02-20T20:46:09","guid":{"rendered":"https:\/\/anahianca.com.ar\/?post_type=product&#038;p=33"},"modified":"2024-02-20T17:46:50","modified_gmt":"2024-02-20T20:46:50","slug":"comunicacion-no-verbal","status":"publish","type":"product","link":"https:\/\/anahianca.com.ar\/?product=comunicacion-no-verbal","title":{"rendered":"Comunicaci\u00f3n No Verbal"},"content":{"rendered":"<p><b>CONCEPTO: <\/b><\/p>\n<p>El curso de lenguaje no verbal nos ense\u00f1a que el lenguaje corporal tiene una importancia significativa en todas nuestras interacciones. Nos permite comunicarnos con los dem\u00e1s de manera efectiva, ya que nos ayuda a expresar nuestros sentimientos, pensamientos y emociones.<\/p>\n<p>El lenguaje corporal nos ayuda a construir y mantener relaciones interpersonales, ya que nos permite transmitir nuestro mensaje de manera clara y efectiva. Adem\u00e1s, nos ayuda a sentirnos m\u00e1s c\u00f3modos en situaciones sociales.<\/p>\n<p>A trav\u00e9s de este curso aprender\u00e1s a interpretar el lenguaje corporal de las dem\u00e1s personas, as\u00ed como a utilizar el tuyo de manera efectiva.<\/p>\n<p>&nbsp;<\/p>\n<p><b>CONTENIDOS: <\/b><b><\/b><\/p>\n<ul>\n<li style=\"list-style-type: none;\">\n<ul>\n<li style=\"font-weight: 400;\" aria-level=\"3\"><span style=\"font-weight: 400;\">Informaci\u00f3n y comunicaci\u00f3n.<\/span><\/li>\n<li style=\"font-weight: 400;\" aria-level=\"3\"><span style=\"font-weight: 400;\">Cualidades para comunicarse. Principios caracter\u00edsticas y habilidades del buen comunicador.<\/span><\/li>\n<li style=\"font-weight: 400;\" aria-level=\"3\"><span style=\"font-weight: 400;\">Qu\u00e9 entendemos por comunicaci\u00f3n efectiva. Entender y ser cre\u00edble.<\/span><\/li>\n<li style=\"font-weight: 400;\" aria-level=\"3\"><span style=\"font-weight: 400;\">Paralenguaje, H\u00e1ptica, Kin\u00e9sica, prox\u00e9mica y c\u00f3mo esto afecta nuestra comunicaci\u00f3n.<\/span><\/li>\n<li style=\"font-weight: 400;\" aria-level=\"3\"><span style=\"font-weight: 400;\">La postura corporal de pie o sentado. Posturas defensivas.<\/span><\/li>\n<li style=\"font-weight: 400;\" aria-level=\"3\"><span style=\"font-weight: 400;\">Los Gestos. Principales instrumentos de gesticulaci\u00f3n. Gestos con los brazos. Gestos con las piernas. Gestos con las manos: Con los dedos. Manos en la cara.<\/span><\/li>\n<li style=\"font-weight: 400;\" aria-level=\"3\"><span style=\"font-weight: 400;\">La cabeza. Gestos espec\u00edficos. El saludo. La importancia de una buena primera impresi\u00f3n. Se\u00f1ales nerviosas. Detecci\u00f3n y Gesti\u00f3n. Gestos de coqueter\u00eda y de la seducci\u00f3n. Los gestos de la mentira. Los micro gestos.<\/span><\/li>\n<li style=\"font-weight: 400;\" aria-level=\"3\"><span style=\"font-weight: 400;\">H\u00e1ptica: El contacto corporal. El hecho de poner la mano encima.<\/span><\/li>\n<\/ul>\n<\/li>\n<\/ul>\n","protected":false},"excerpt":{"rendered":"<p><button style=\"margin-top: 10px; background-color: #e3001b; float: left; cursor: default; color: white; border-radius: 10px; font-size: 14px; border: none; padding: 3px 10px 3px 10px;\"><span class=\"parpadea text\"><strong>Agotado<\/strong><\/span><\/button><\/p>\n<p>&nbsp;<\/p>\n<p>Duraci\u00f3n: 2 meses<br \/>\n<strong>Matricula 100% bonificada<\/strong><br \/>\n8 clases todos los mi\u00e9rcoles de 17 a 19hs.<br \/>\nClase On-Line con Docente Exclusivo<\/p>\n","protected":false},"featured_media":61,"comment_status":"closed","ping_status":"closed","template":"","meta":{"_joinchat":[]},"product_cat":[19],"product_tag":[18],"class_list":{"0":"post-33","1":"product","2":"type-product","3":"status-publish","4":"has-post-thumbnail","6":"product_cat-profesional-de-la-imagen","7":"product_tag-proximamente","9":"first","10":"outofstock","11":"virtual","12":"sold-individually","13":"product-type-simple"},"_links":{"self":[{"href":"https:\/\/anahianca.com.ar\/index.php?rest_route=\/wp\/v2\/product\/33"}],"collection":[{"href":"https:\/\/anahianca.com.ar\/index.php?rest_route=\/wp\/v2\/product"}],"about":[{"href":"https:\/\/anahianca.com.ar\/index.php?rest_route=\/wp\/v2\/types\/product"}],"replies":[{"embeddable":true,"href":"https:\/\/anahianca.com.ar\/index.php?rest_route=%2Fwp%2Fv2%2Fcomments&post=33"}],"wp:featuredmedia":[{"embeddable":true,"href":"https:\/\/anahianca.com.ar\/index.php?rest_route=\/wp\/v2\/media\/61"}],"wp:attachment":[{"href":"https:\/\/anahianca.com.ar\/index.php?rest_route=%2Fwp%2Fv2%2Fmedia&parent=33"}],"wp:term":[{"taxonomy":"product_cat","embeddable":true,"href":"https:\/\/anahianca.com.ar\/index.php?rest_route=%2Fwp%2Fv2%2Fproduct_cat&post=33"},{"taxonomy":"product_tag","embeddable":true,"href":"https:\/\/anahianca.com.ar\/index.php?rest_route=%2Fwp%2Fv2%2Fproduct_tag&post=33"}],"curies":[{"name":"wp","href":"https:\/\/api.w.org\/{rel}","templated":true}]}}