{"id":30,"date":"2024-02-20T17:46:08","date_gmt":"2024-02-20T20:46:08","guid":{"rendered":"https:\/\/anahianca.com.ar\/?post_type=product&#038;p=30"},"modified":"2024-02-20T17:46:31","modified_gmt":"2024-02-20T20:46:31","slug":"introduccion-a-la-historia-de-la-moda","status":"publish","type":"product","link":"https:\/\/anahianca.com.ar\/?product=introduccion-a-la-historia-de-la-moda","title":{"rendered":"Introducci\u00f3n a la historia de la moda"},"content":{"rendered":"<p><b>CONCEPTO: <\/b><\/p>\n<p style=\"font-weight: 400; text-align: justify;\">La historia es ese reservorio de saber necesario para entender el ayer, pero tambi\u00e9n para interpretar el hoy y predecir el ma\u00f1ana. Poder deducir y analizar qu\u00e9 es lo cl\u00e1sico dentro de lo nuevo, asesorar a nuestros clientes o incluso guiarnos a nosotros mismos a trav\u00e9s de las tendencias, implica conocer el origen de \u00e9stas. En estas 8 clases te vas a divertir conociendo detalles de c\u00f3mo ha ido evolucionando la moda a trav\u00e9s del tiempo y qu\u00e9 impacto ha tenido para la humanidad.<\/p>\n<p><b>CONTENIDOS: <\/b><b><\/b><\/p>\n<ul>\n<li style=\"font-weight: 400;\" aria-level=\"3\"><span style=\"font-weight: 400;\">De la prehistoria a la actualidad<\/span><\/li>\n<li style=\"font-weight: 400;\" aria-level=\"3\"><span style=\"font-weight: 400;\">Hitos y cambios en la est\u00e9tica mundial<\/span><\/li>\n<li style=\"font-weight: 400;\" aria-level=\"3\"><span style=\"font-weight: 400;\">Reconocimiento de causas<\/span><\/li>\n<li style=\"font-weight: 400;\" aria-level=\"3\"><span style=\"font-weight: 400;\">Iconos a trav\u00e9s de la historia<\/span><\/li>\n<li style=\"font-weight: 400;\" aria-level=\"3\"><span style=\"font-weight: 400;\">Tipolog\u00edas de vestuario, reconocimiento de textiles y nomenclatura t\u00e9cnica de los mismos.<\/span><\/li>\n<li style=\"font-weight: 400;\" aria-level=\"3\">Aplicaci\u00f3n pr\u00e1ctica para detecci\u00f3n de tendencias futuras y adaptaci\u00f3n<\/li>\n<\/ul>\n","protected":false},"excerpt":{"rendered":"<p><button style=\"float: right; cursor: default ;margin-top: -20px; color: #ffffff; border: 0; background-color: rgb(255, 123, 0); padding-top: 3px; padding-bottom: 3px; padding-left: 10px; padding-right: 10px ; border-radius: 10px; font-size: 14px;\"><b>Pr\u00f3ximamente<\/b><\/button><br \/>\nDuraci\u00f3n: 1 mes.<br \/>\n<strong>Matricula 100% bonificada<\/strong><br \/>\n4 clases<br \/>\nCurso Online<\/p>\n","protected":false},"featured_media":58,"comment_status":"closed","ping_status":"closed","template":"","meta":{"_joinchat":[]},"product_cat":[19],"product_tag":[18],"class_list":{"0":"post-30","1":"product","2":"type-product","3":"status-publish","4":"has-post-thumbnail","6":"product_cat-profesional-de-la-imagen","7":"product_tag-proximamente","9":"first","10":"outofstock","11":"virtual","12":"sold-individually","13":"purchasable","14":"product-type-simple"},"_links":{"self":[{"href":"https:\/\/anahianca.com.ar\/index.php?rest_route=\/wp\/v2\/product\/30"}],"collection":[{"href":"https:\/\/anahianca.com.ar\/index.php?rest_route=\/wp\/v2\/product"}],"about":[{"href":"https:\/\/anahianca.com.ar\/index.php?rest_route=\/wp\/v2\/types\/product"}],"replies":[{"embeddable":true,"href":"https:\/\/anahianca.com.ar\/index.php?rest_route=%2Fwp%2Fv2%2Fcomments&post=30"}],"wp:featuredmedia":[{"embeddable":true,"href":"https:\/\/anahianca.com.ar\/index.php?rest_route=\/wp\/v2\/media\/58"}],"wp:attachment":[{"href":"https:\/\/anahianca.com.ar\/index.php?rest_route=%2Fwp%2Fv2%2Fmedia&parent=30"}],"wp:term":[{"taxonomy":"product_cat","embeddable":true,"href":"https:\/\/anahianca.com.ar\/index.php?rest_route=%2Fwp%2Fv2%2Fproduct_cat&post=30"},{"taxonomy":"product_tag","embeddable":true,"href":"https:\/\/anahianca.com.ar\/index.php?rest_route=%2Fwp%2Fv2%2Fproduct_tag&post=30"}],"curies":[{"name":"wp","href":"https:\/\/api.w.org\/{rel}","templated":true}]}}